{"id":2232,"date":"2018-05-24T18:13:01","date_gmt":"2018-05-24T15:13:01","guid":{"rendered":"http:\/\/www.gokhanyorgancigil.com\/?page_id=2232"},"modified":"2018-08-12T23:32:09","modified_gmt":"2018-08-12T20:32:09","slug":"senaryo-danismanligi","status":"publish","type":"page","link":"https:\/\/www.gokhanyorgancigil.com\/?page_id=2232","title":{"rendered":"Senaryo Dan\u0131\u015fmanl\u0131\u011f\u0131"},"content":{"rendered":"<p>Senaryolar\u0131n\u0131z\u0131 bir yap\u0131mc\u0131ya ya da bir yar\u0131\u015fmaya g\u00f6ndermeden \u00f6nce profesyonel bir de\u011ferlendirme yap\u0131lmas\u0131n\u0131 istiyorsan\u0131z, ya da bir yap\u0131mc\u0131s\u0131n\u0131z ve projenizi yazar kadronuzun d\u0131\u015f\u0131nda bir g\u00f6z\u00fcn de de\u011ferlendirmesini istiyorsunuz;<\/p>\n<p><img loading=\"lazy\" decoding=\"async\" class=\"aligncenter size-full wp-image-2235\" src=\"http:\/\/www.gokhanyorgancigil.com\/wp-content\/uploads\/2018\/05\/senaryo.jpg\" alt=\"\" width=\"560\" height=\"373\" srcset=\"https:\/\/www.gokhanyorgancigil.com\/wp-content\/uploads\/2018\/05\/senaryo.jpg 560w, https:\/\/www.gokhanyorgancigil.com\/wp-content\/uploads\/2018\/05\/senaryo-300x200.jpg 300w\" sizes=\"auto, (max-width: 560px) 100vw, 560px\" \/><\/p>\n<h1>Senaryo dan\u0131\u015fmanl\u0131k\/de\u011ferlendirme paketleri:<\/h1>\n<p><strong>Se\u00e7enek 0:<\/strong> Sinopsis de\u011ferlendirmesi. Minimum 1 sayfal\u0131k rapor al\u0131rs\u0131n\u0131z. \u00dccreti: 80 $<\/p>\n<p><strong>Se\u00e7enek 1:<\/strong> Senaryonuz okunur, senaryonun zay\u0131f ve g\u00fc\u00e7l\u00fc yanlar\u0131n\u0131 ele ald\u0131\u011f\u0131m\u0131z minimum <strong>2 sayfal\u0131k bir rapor<\/strong> al\u0131rs\u0131n\u0131z. \u0130\u015f s\u00fcresi en fazla 5 g\u00fcn. \u00dccreti: 200 $<\/p>\n<p><strong>Se\u00e7enek 2:<\/strong> Senaryonuz okunur,\u00a0senaryonun zay\u0131f ve g\u00fc\u00e7l\u00fc yanlar\u0131n\u0131 ele ald\u0131\u011f\u0131m\u0131z minimum <strong>2 sayfal\u0131k bir rapor<\/strong> d\u0131\u015f\u0131nda senaryo ile ilgili \u00f6neriler (mevcut senaryoda olmayan yan konu-karakter-sahne-mizansen) i\u00e7eren ikinci bir <strong>rapor<\/strong> da alm\u0131\u015f olursunuz.\u0130\u015f s\u00fcresi en fazla 10 g\u00fcn. \u00dccreti: 1000 $<\/p>\n<p><strong>Se\u00e7enek 3:<\/strong> Senaryonuz; yap\u0131s\u0131, olay \u00f6rg\u00fcs\u00fc ve karakterleriyle yeni ba\u015ftan ele al\u0131n\u0131r, Ama\u00e7-i\u00e7erik-hedef kitle analizi yap\u0131larak ihtiyaca g\u00f6re <strong>gerekirse yeni ba\u015ftan yaz\u0131l\u0131r<\/strong>. Senaryo film oldu\u011fu takdirde Senaryo Yazar\u0131 sekmesine G\u00f6khan Yorganc\u0131gil ad\u0131 ilave edilir.\u0130\u015f s\u00fcresi en fazla 30 g\u00fcn. \u00dccreti 6000 $<\/p>\n<p><strong>Se\u00e7enek 4:<\/strong> Sipari\u015f ile s\u0131f\u0131rdan senaryo yazd\u0131rmak istiyorsunuz. \u00dccreti: Projeyi g\u00f6rmemiz gerekiyor. \u0130rtibat kurunuz.<\/p>\n<p><strong>Se\u00e7enek 5:<\/strong> \u0130mla hatas\u0131, bozuk c\u00fcmle d\u00fczeltme, genel metin redaksiyon. 500 $<\/p>\n<p><strong>K\u0131sa film senaryosu de\u011ferlendirme:<\/strong> 100 $<\/p>\n<p><strong>Dizi film 1 b\u00f6l\u00fcm senaryosu de\u011ferlendirme:<\/strong> 1000 $ (se\u00e7enek 2)<\/p>\n<p><strong>Dizi film konsept + pilot b\u00f6l\u00fcm de\u011ferlendirme:<\/strong> 6000 $ (se\u00e7enek 2)<\/p>\n<p>Not 1: Sinopsis de\u011ferlendirmesinde g\u00f6nderilen sinopsis en fazla 3 sayfa olmal\u0131d\u0131r.<br \/>\nNot 2: \u00d6deme al\u0131nmadan i\u015f ba\u015flamaz.<br \/>\nNot 3: \u0130\u015f\u00a0 ba\u015flang\u0131c\u0131nda i\u015fveren ile taraf\u0131m\u0131z aras\u0131nda bir gizlilik anla\u015fmas\u0131 imzalan\u0131r. \u00d6yk\u00fc \u00fczerindeki haklar\u0131n\u0131z\u0131 korumu\u015f olursunuz.<br \/>\nNot 4: Yukar\u0131da belirtti\u011fimiz rapor\/senaryo s\u00fcreleri ilave \u00e7al\u0131\u015fma\/ara\u015ft\u0131rma gerektirmeyen senaryolar i\u00e7in ge\u00e7erlidir, senaryodan senaryoya g\u00f6re farkl\u0131l\u0131klar g\u00f6sterebilir.<br \/>\nNot 5: Spesifik sorular\u0131n\u0131z ve ihtiya\u00e7lar i\u00e7in l\u00fctfen irtibat kurunuz.<\/p>\n<p>\u0130leti\u015fim: yorgancigil@gmail.com<\/p>\n","protected":false},"excerpt":{"rendered":"<p>Senaryolar\u0131n\u0131z\u0131 bir yap\u0131mc\u0131ya ya da bir yar\u0131\u015fmaya g\u00f6ndermeden \u00f6nce profesyonel bir de\u011ferlendirme yap\u0131lmas\u0131n\u0131 istiyorsan\u0131z, ya da bir yap\u0131mc\u0131s\u0131n\u0131z ve projenizi yazar kadronuzun d\u0131\u015f\u0131nda bir g\u00f6z\u00fcn de de\u011ferlendirmesini istiyorsunuz; Senaryo dan\u0131\u015fmanl\u0131k\/de\u011ferlendirme paketleri: Se\u00e7enek 0: Sinopsis de\u011ferlendirmesi. Minimum 1 sayfal\u0131k rapor al\u0131rs\u0131n\u0131z. \u00dccreti: 80 $ Se\u00e7enek 1: Senaryonuz okunur, senaryonun zay\u0131f ve g\u00fc\u00e7l\u00fc yanlar\u0131n\u0131 ele ald\u0131\u011f\u0131m\u0131z minimum [&hellip;]<\/p>\n","protected":false},"author":1,"featured_media":0,"parent":0,"menu_order":0,"comment_status":"closed","ping_status":"closed","template":"","meta":{"footnotes":""},"class_list":["post-2232","page","type-page","status-publish","hentry"],"_links":{"self":[{"href":"https:\/\/www.gokhanyorgancigil.com\/index.php?rest_route=\/wp\/v2\/pages\/2232","targetHints":{"allow":["GET"]}}],"collection":[{"href":"https:\/\/www.gokhanyorgancigil.com\/index.php?rest_route=\/wp\/v2\/pages"}],"about":[{"href":"https:\/\/www.gokhanyorgancigil.com\/index.php?rest_route=\/wp\/v2\/types\/page"}],"author":[{"embeddable":true,"href":"https:\/\/www.gokhanyorgancigil.com\/index.php?rest_route=\/wp\/v2\/users\/1"}],"replies":[{"embeddable":true,"href":"https:\/\/www.gokhanyorgancigil.com\/index.php?rest_route=%2Fwp%2Fv2%2Fcomments&post=2232"}],"version-history":[{"count":10,"href":"https:\/\/www.gokhanyorgancigil.com\/index.php?rest_route=\/wp\/v2\/pages\/2232\/revisions"}],"predecessor-version":[{"id":2269,"href":"https:\/\/www.gokhanyorgancigil.com\/index.php?rest_route=\/wp\/v2\/pages\/2232\/revisions\/2269"}],"wp:attachment":[{"href":"https:\/\/www.gokhanyorgancigil.com\/index.php?rest_route=%2Fwp%2Fv2%2Fmedia&parent=2232"}],"curies":[{"name":"wp","href":"https:\/\/api.w.org\/{rel}","templated":true}]}}